{"id":28,"date":"2017-06-08T12:09:37","date_gmt":"2017-06-08T12:09:37","guid":{"rendered":"http:\/\/europeanmemories.net\/frog\/?page_id=28"},"modified":"2017-11-24T14:12:30","modified_gmt":"2017-11-24T14:12:30","slug":"emerging-approaches","status":"publish","type":"page","link":"https:\/\/europeanmemories.net\/frog\/emerging-approaches\/","title":{"rendered":"Emerging approaches"},"content":{"rendered":"<h1><strong><a style=\"color: #eb7d4b;\" href=\"http:\/\/europeanmemories.net\/frog\/category\/axis-1-laws-and-the-past\/\">Axis 1: Laws and politics of the past<\/a><\/strong><\/h1>\n<h4 style=\"text-align: justify;\">Analysis and study of the Memory laws passed in the different territories of Spain, as well as inthe other countries part of the European Union. The aim is to address this field of work because of its legal aspects, \u00a0but also due to the social and political effects that have led to the development of \u201cremembrance laws\u201d.<\/h4>\n<h3>Rapporteur:\u00a0<span style=\"color: #eb7d4b;\"><a style=\"color: #eb7d4b;\" href=\"http:\/\/www.academia.edu\/31259815\/Maria_Chiara_Bianchini_-_Patrimonios_disonantes_y_memorias_democr%C3%A1ticas_una_comparaci%C3%B3n_entre_Chile_y_Espa%C3%B1a_\">Maria Chiara Bianchini<\/a><\/span><\/h3>\n<h5 style=\"text-align: justify;\">Doctor\u00a0in contemporary history and American studies by the Autonomous University of Madrid and the Universit\u00e0 degli Studi di Roma Tre, her main area of reaserch is the expressions of the memory (s) in urban spaces and places. She is currently a postdoctoral researcher at the Institute of History of the Catholic University of Chile and develops a comparative work on urban heritage and memory in Chile and Spain.<\/h5>\n<ul>\n<li>\n<h4>Fitili, Magda \u00ab<strong>Las pol\u00edticas de reparaci\u00f3n como despolitizaci\u00f3n de la memoria: an\u00e1lisis de la Ley 1863\/1989. A prop\u00f3sito de la anulaci\u00f3n de las repercusiones de la Guerra Civil y de la Ley 52\/2007 de la Memoria Hist\u00f3rica<\/strong>\u00bb<\/h4>\n<\/li>\n<li>\n<h4>S\u00fct\u00e7\u00fco\u011flu, Bilgen and Ebru \u0130lter Akar\u00e7ay \u00ab<strong>Boding Well for the Next Ten Years?: Learning from the Experiences of Victims\u2019 Associations in Spain<\/strong>\u00bb<\/h4>\n<\/li>\n<li>\n<h4>Calandre, Cristina \u00ab<strong>La ley de la mem\u00f3ria hist\u00f3rica no cumple con el Dr. Luis Calandre Ib\u00e1\u00f1ez<\/strong>\u00bb<\/h4>\n<\/li>\n<li>\n<h4>Gabarda, Vicent i Ricard Camil Torres \u00ab<strong>Los efectos nocivos de la aplicaci\u00f3n de la ley de memoria hist\u00f3rica en el pa\u00eds valenciano<\/strong>\u00bb<\/h4>\n<\/li>\n<li>\n<h4>M\u00e9nendez, Francesc Xavier \u00ab<strong>El marc legislatiu de mem\u00f2ria democr\u00e0tica a Catalunya. Balan\u00e7 i valoraci\u00f3\u00bb\u00a0<\/strong><\/h4>\n<\/li>\n<li>\n<h4>Ban, Marina<strong> \u00abBuilding the Illiberal State Using the Memory of Communism: the Case of Hungary<\/strong>\u00bb<\/h4>\n<\/li>\n<li>\n<h4>Rocchi, Luciana \u00ab<strong>La longue dur\u00e9e d\u2019une exp\u00e9rience italienne, li\u00e9e aux politiques de la m\u00e9moire de l\u2019Espagne<\/strong>\u00bb<\/h4>\n<\/li>\n<\/ul>\n<h1><span style=\"color: #eb7d4b;\"><strong><a style=\"color: #eb7d4b;\" href=\"http:\/\/europeanmemories.net\/frog\/category\/axis-2-remembrance-and-transmission\/\">Axis 2:\u00a0Memory and Transmission<\/a><\/strong><\/span><\/h1>\n<h4 style=\"text-align: justify;\">The stories about the past are transmitted through different channels, including literature, educational programs, audiovisual productions and technologies of information and communication. This section will deepen on the real impact of these ways of transmission and dissemination, analyzing their goals as well as the strategies behind them.<\/h4>\n<h3>Rapporteur<span style=\"color: #eb7d4b;\">\u00a0<a style=\"color: #eb7d4b;\" href=\"http:\/\/csic.academia.edu\/MarijeHristova\">Marije Hristova<\/a><\/span><\/h3>\n<h5 style=\"text-align: justify;\">Master&#8217;s Degree in History by the University of Groningen (NL), Master in Hispanic Literature from the University of Amsterdam (NL), and doctor (cum laude) by the University of Maastricht (NL). She has been Marie Curie Fellow at the Institute of Language, Literature and Anthropology of the Higher Council for Scientific Research (ILLA-CSIC, Madrid, ES)\u00a0and is currently a postdoctoral researcher in the\u00a0<span style=\"color: #eb874b;\"><a style=\"color: #eb874b;\" href=\"http:\/\/www.unrest.eu\/\" target=\"_blank\">UNREST project<\/a>:<\/span>\u00a0Unsettling Remembering and Social Cohesion in Transnational Europe in the same institute. She is also a researcher\u00a0at the\u00a0<span style=\"color: #eb874b;\"><a style=\"color: #eb874b;\" href=\"http:\/\/www.politicasdelamemoria.org\/\" target=\"_blank\">Subtierro project<\/a><\/span>\u00a0led by Francisco Ferr\u00e1ndiz (CCHS-CSIC).<\/h5>\n<ul>\n<li>\n<h4>Olaziregi, Mari Jose \u00ab<strong>A vueltas con la madre patria<\/strong>\u00bb<\/h4>\n<\/li>\n<li>\n<h4>Retegi, Olatz y\u00a0Vaquero, Maribel \u00abMapa\u00a0<b>de las Acciones de la Diputaci\u00f3n Foral de Gipuzkoa sobre\u00a0Memoria Hist\u00f3rica en el Territorio<\/b>\u00bb<\/h4>\n<\/li>\n<li>\n<h4>Arroita, Izaro y Mikel Ayerbe \u00ab<strong>La transmisi\u00f3n de una memoria cr\u00edtica en la obra de Ramon Saizarbitoria<\/strong>\u00bb<\/h4>\n<\/li>\n<li>\n<h4>P\u00e9rez, P\u00edo y Gurutze Lasa \u00ab<strong>La literatura como memoria y convivencia en las aulas de secundaria<\/strong>\u00bb<\/h4>\n<\/li>\n<li>\n<h4>Barra, Jordi \u00ab<strong>Cartograf\u00eda hist\u00f3rica 2007-2017. (El atlas como indicador memorial\u00edstico)<\/strong>\u00bb<\/h4>\n<\/li>\n<li>\n<h4>Cam\u00ed-Vela, Maria \u00ab<strong>Summoning the ghosts: Images, sites and politics of memory in Catalan documentary <em>The Great Flight<\/em> (2015) by Carolina Astudillo<\/strong>\u00bb<\/h4>\n<\/li>\n<li>\n<h4>Prudor, An\u00e9lie \u00ab<strong>Complexe m\u00e9moriel et <em>Maison des m\u00e9moires. <\/em>Enjeux des mises en sc\u00e8ne diff\u00e9renci\u00e9es des m\u00e9moires de l\u2019exil r\u00e9publicain espagnol en France<\/strong>\u00bb<\/h4>\n<\/li>\n<\/ul>\n","protected":false},"excerpt":{"rendered":"<p>Axis 1: Laws and politics of the past Analysis and study of the Memory laws passed in the different territories of Spain, as well as inthe other countries part of the European Union. The aim is to address this field of work because of its legal aspects, \u00a0but also due to the social and political &#8230;<\/p>\n","protected":false},"author":4,"featured_media":0,"parent":0,"menu_order":0,"comment_status":"closed","ping_status":"closed","template":"","meta":{"_monsterinsights_skip_tracking":false,"_monsterinsights_sitenote_active":false,"_monsterinsights_sitenote_note":"","_monsterinsights_sitenote_category":0,"_uf_show_specific_survey":0,"_uf_disable_surveys":false,"footnotes":""},"class_list":["post-28","page","type-page","status-publish","hentry"],"aioseo_notices":[],"_links":{"self":[{"href":"https:\/\/europeanmemories.net\/frog\/wp-json\/wp\/v2\/pages\/28","targetHints":{"allow":["GET"]}}],"collection":[{"href":"https:\/\/europeanmemories.net\/frog\/wp-json\/wp\/v2\/pages"}],"about":[{"href":"https:\/\/europeanmemories.net\/frog\/wp-json\/wp\/v2\/types\/page"}],"author":[{"embeddable":true,"href":"https:\/\/europeanmemories.net\/frog\/wp-json\/wp\/v2\/users\/4"}],"replies":[{"embeddable":true,"href":"https:\/\/europeanmemories.net\/frog\/wp-json\/wp\/v2\/comments?post=28"}],"version-history":[{"count":19,"href":"https:\/\/europeanmemories.net\/frog\/wp-json\/wp\/v2\/pages\/28\/revisions"}],"predecessor-version":[{"id":611,"href":"https:\/\/europeanmemories.net\/frog\/wp-json\/wp\/v2\/pages\/28\/revisions\/611"}],"wp:attachment":[{"href":"https:\/\/europeanmemories.net\/frog\/wp-json\/wp\/v2\/media?parent=28"}],"curies":[{"name":"wp","href":"https:\/\/api.w.org\/{rel}","templated":true}]}}

<h1><strong><a style="color: #eb7d4b;" href="http://europeanmemories.net/frog/category/axis-1-laws-and-the-past/">Axis 1: Laws and politics of the past</a></strong></h1>
<h4 style="text-align: justify;">Analysis and study of the Memory laws passed in the different territories of Spain, as well as inthe other countries part of the European Union. The aim is to address this field of work because of its legal aspects,  but also due to the social and political effects that have led to the development of “remembrance laws”.</h4>
<h3>Rapporteur: <span style="color: #eb7d4b;"><a style="color: #eb7d4b;" href="http://www.academia.edu/31259815/Maria_Chiara_Bianchini_-_Patrimonios_disonantes_y_memorias_democr%C3%A1ticas_una_comparaci%C3%B3n_entre_Chile_y_Espa%C3%B1a_">Maria Chiara Bianchini</a></span></h3>
<h5 style="text-align: justify;">Doctor in contemporary history and American studies by the Autonomous University of Madrid and the Università degli Studi di Roma Tre, her main area of reaserch is the expressions of the memory (s) in urban spaces and places. She is currently a postdoctoral researcher at the Institute of History of the Catholic University of Chile and develops a comparative work on urban heritage and memory in Chile and Spain.</h5>
<ul>
<li>
<h4>Fitili, Magda «<strong>Las políticas de reparación como despolitización de la memoria: análisis de la Ley 1863/1989. A propósito de la anulación de las repercusiones de la Guerra Civil y de la Ley 52/2007 de la Memoria Histórica</strong>»</h4>
</li>
<li>
<h4>Sütçüoğlu, Bilgen and Ebru İlter Akarçay «<strong>Boding Well for the Next Ten Years?: Learning from the Experiences of Victims’ Associations in Spain</strong>»</h4>
</li>
<li>
<h4>Calandre, Cristina «<strong>La ley de la memória histórica no cumple con el Dr. Luis Calandre Ibáñez</strong>»</h4>
</li>
<li>
<h4>Gabarda, Vicent i Ricard Camil Torres «<strong>Los efectos nocivos de la aplicación de la ley de memoria histórica en el país valenciano</strong>»</h4>
</li>
<li>
<h4>Ménendez, Francesc Xavier «<strong>El marc legislatiu de memòria democràtica a Catalunya. Balanç i valoració» </strong></h4>
</li>
<li>
<h4>Ban, Marina<strong> «Building the Illiberal State Using the Memory of Communism: the Case of Hungary</strong>»</h4>
</li>
<li>
<h4>Rocchi, Luciana «<strong>La longue durée d’une expérience italienne, liée aux politiques de la mémoire de l’Espagne</strong>»</h4>
</li>
</ul>
<h1><span style="color: #eb7d4b;"><strong><a style="color: #eb7d4b;" href="http://europeanmemories.net/frog/category/axis-2-remembrance-and-transmission/">Axis 2: Memory and Transmission</a></strong></span></h1>
<h4 style="text-align: justify;">The stories about the past are transmitted through different channels, including literature, educational programs, audiovisual productions and technologies of information and communication. This section will deepen on the real impact of these ways of transmission and dissemination, analyzing their goals as well as the strategies behind them.</h4>
<h3>Rapporteur<span style="color: #eb7d4b;"> <a style="color: #eb7d4b;" href="http://csic.academia.edu/MarijeHristova">Marije Hristova</a></span></h3>
<h5 style="text-align: justify;">Master&#8217;s Degree in History by the University of Groningen (NL), Master in Hispanic Literature from the University of Amsterdam (NL), and doctor (cum laude) by the University of Maastricht (NL). She has been Marie Curie Fellow at the Institute of Language, Literature and Anthropology of the Higher Council for Scientific Research (ILLA-CSIC, Madrid, ES) and is currently a postdoctoral researcher in the <span style="color: #eb874b;"><a style="color: #eb874b;" href="http://www.unrest.eu/" target="_blank">UNREST project</a>:</span> Unsettling Remembering and Social Cohesion in Transnational Europe in the same institute. She is also a researcher at the <span style="color: #eb874b;"><a style="color: #eb874b;" href="http://www.politicasdelamemoria.org/" target="_blank">Subtierro project</a></span> led by Francisco Ferrándiz (CCHS-CSIC).</h5>
<ul>
<li>
<h4>Olaziregi, Mari Jose «<strong>A vueltas con la madre patria</strong>»</h4>
</li>
<li>
<h4>Retegi, Olatz y Vaquero, Maribel «Mapa <b>de las Acciones de la Diputación Foral de Gipuzkoa sobre Memoria Histórica en el Territorio</b>»</h4>
</li>
<li>
<h4>Arroita, Izaro y Mikel Ayerbe «<strong>La transmisión de una memoria crítica en la obra de Ramon Saizarbitoria</strong>»</h4>
</li>
<li>
<h4>Pérez, Pío y Gurutze Lasa «<strong>La literatura como memoria y convivencia en las aulas de secundaria</strong>»</h4>
</li>
<li>
<h4>Barra, Jordi «<strong>Cartografía histórica 2007-2017. (El atlas como indicador memorialístico)</strong>»</h4>
</li>
<li>
<h4>Camí-Vela, Maria «<strong>Summoning the ghosts: Images, sites and politics of memory in Catalan documentary <em>The Great Flight</em> (2015) by Carolina Astudillo</strong>»</h4>
</li>
<li>
<h4>Prudor, Anélie «<strong>Complexe mémoriel et <em>Maison des mémoires. </em>Enjeux des mises en scène différenciées des mémoires de l’exil républicain espagnol en France</strong>»</h4>
</li>
</ul>
